. What is the highest common divisor of 28 and t?
28
Let a(l) = -18*l - 60. Let k be a(-5). Let y(g) = g**3 - 9*g**2 + 10*g + 4. Let b be y(8). Calculate the greatest common factor of k and b.
10
Let z be ((-12)/7 - (-2)/(-7))/1. Let g be ((-95)/(-2) - -6) + z/(-4). Calculate the greatest common divisor of g and 6.
6
Let l = -6 - -7. Let o be 10 - -2 - l - 2. Suppose -12 = -12*z + o*z. What is the greatest common factor of 36 and z?
4
Suppose n + 4*a - 42 = 0, 5*a = 5*n - 0*a - 160. Calculate the greatest common divisor of 46 and n.
2
Let z(b) = 63*b + 42. Let a be z(5). What is the greatest common factor of a and 102?
51
Suppose -4*f + r + 2 = -12, 3*f = r + 11. Suppose 4*g + 5*y = 94, 3*g - 110 = -g + f*y. Calculate the greatest common divisor of g and 78.
26
Let d(z) = -z**3 + 8*z**2 + 75*z + 10. Let v be d(13). Suppose 2*m = -3*a - m + 90, -2*m = -3*a + 80. What is the highest common factor of v and a?
28
Let o be 13312/247 + 6/57. Suppose 0*u + 2*n = 4*u - 136, -3*u + 3*n = -96. Calculate the greatest common divisor of o and u.
18
Let t be (-96 + -3)/((-11)/55). Calculate the highest common factor of 22 and t.
11
Let b(u) = u. Let z be b(-5). Let o = z - -5. Suppose -5*l - s - 3*s + 256 = o, 184 = 4*l - 2*s. Calculate the greatest common factor of 6 and l.
6
Let z = 81 + -79. Suppose -7*f = -z*f - 95. Calculate the highest common divisor of f and 152.
19
Let o = 43 + -41. Let r be (9/o - 2)/((-10)/(-20)). What is the greatest common divisor of r and 5?
5
Let a = -65 - -79. What is the greatest common divisor of 70 and a?
14
Suppose 0 = -4*g + 8 - 44. Let v be 3*1*(-5 + (-81)/g). Calculate the highest common factor of 9 and v.
3
Let k(g) = -g**3 + g**2 + 6*g + 3. Let p be k(3). Let d be (3 - 16/12)*p. What is the highest common factor of d and 5?
5
Let c be (7 + -4)/((-19)/(-2451)). What is the greatest common factor of c and 86?
43
Suppose 4*d - 461 = 2*i + 659, -3*d - 5*i + 840 = 0. What is the highest common divisor of d and 105?
35
Suppose 3*n + 5*t = 1300, 4*n - t = -0*t + 1764. What is the greatest common divisor of n and 55?
55
Let f = -3635 + 3679. Suppose 2*c - 6 = -c. Suppose 7 - 15 = -c*b. What is the highest common factor of f and b?
4
Let v be (-18)/(-45) - (-496)/10. Let x = 128 - 103. What is the greatest common factor of v and x?
25
Suppose o - 5*o + 2 = 5*b, 2*b + 2*o = 0. Suppose 3*x + b*x - 35 = 5*l, 21 = 4*x + 3*l. Suppose -2*y + 18 = -x. Calculate the highest common divisor of 4 and y.
4
Let w(l) = 14*l + 73. Let o(y) = 7*y + 37. Let x(c) = -5*o(c) + 2*w(c). Let d be x(-9). Calculate the greatest common divisor of d and 24.
24
Suppose 6 = 4*o + d - 20, 36 = 4*o - 4*d. Suppose -o*g + 180 = -4*g. Suppose -5*h + c = -1 - 59, 5*h = 5*c + g. What is the greatest common factor of 36 and h?
12
Suppose -75 = -5*d - 50. Let x be 1/((d - 3)/4). What is the greatest common divisor of x and 4?
2
Let z be 1 + 1 + -1 + 2. Let v(c) = -3*c**2 + 19*c - 5. Let u be v(6). Calculate the highest common divisor of u and z.
1
Let v(g) be the second derivative of -163*g**3/6 + g**2 + 17*g. Let u be v(-1). Calculate the greatest common divisor of u and 66.
33
Suppose -47*x + 8 + 1167 = 0. Calculate the greatest common divisor of x and 2675.
25
Let l be ((-10)/(-4))/(2/12). Suppose 0 = -3*p + 2*p + 37. Let d = p + l. What is the greatest common divisor of 13 and d?
13
Suppose y + 276 + 102 = 8*y. Let r = -30 - -57. Calculate the greatest common divisor of y and r.
27
Let v = -18 + 45. What is the greatest common divisor of v and 9?
9
Let r = 5 + 0. Let x(d) = -6*d**2 - 91*d - 96. Let w be x(-14). Calculate the greatest common divisor of r and w.
1
Suppose 13 = 3*g - 2. Suppose -p - 7 = 3*o, -p + g*p + 5*o = -28. Let s be (1 - -73) + (-7)/p. Calculate the highest common factor of s and 30.
15
Let l be ((-1048)/12*-1)/(2/3). Suppose 7*a - 85 = -2*o + 6*a, 3*o - l = -5*a. Calculate the highest common divisor of 462 and o.
42
Suppose -98 = 2*h - 9*h. Let m = 0 + 154. What is the highest common factor of m and h?
14
Let t be ((-80)/24)/((-4)/6). Suppose -9*g + t*g = -212. Suppose g = 6*j + 11. Calculate the highest common divisor of j and 56.
7
Let d = -39 + 57. What is the greatest common factor of d and 6?
6
Let z(q) = q**2 - 6*q - 223. Let p be z(-14). Calculate the greatest common factor of 2109 and p.
57
Suppose -720 = -32*i + 816. Calculate the highest common factor of 324 and i.
12
Suppose 0*o - 8 = -4*o. Let t be 3/12*o*2. Calculate the greatest common factor of 11 and t.
1
Suppose 3*z = -3*q - 58 + 277, 6 = 2*z. Suppose -3*u - 5*j = -295, 5*u = -0*u - j + 521. What is the greatest common factor of q and u?
35
Let z = 29 + -5. Calculate the greatest common divisor of z and 60.
12
Let g = -452 + 465. Calculate the greatest common factor of 13 and g.
13
Let z be 0 + (-34)/(-2) - 2. Let s = 14 + -11. Suppose 0 = s*n + 13 - 238. Calculate the highest common divisor of n and z.
15
Let d = 1743 + -1663. What is the greatest common factor of d and 144?
16
Let b be (-132595)/(-460) - (-2)/(-8). Calculate the highest common factor of 18 and b.
18
Let k = -407 - -411. What is the highest common divisor of k and 108?
4
Let l = 0 - 0. Let w = -1197 + 1201. Suppose -j + w*d - 10 = l, -5*j + 43 = -3*d + 8. Calculate the highest common divisor of 20 and j.
10
Suppose 4*z - 18 = -2*v, z + v + 27 = 5*z. Suppose 3*c - 30 = 3*s, z = 4*s - 14. Calculate the highest common factor of c and 75.
15
Suppose -3*p - 5*l + 5243 = 0, 342*p - 5261 = 339*p + 4*l. What is the greatest common factor of 309 and p?
103
Suppose 4*o - 2 = g - 15, -4*g + 5*o + 52 = 0. What is the highest common factor of g and 221?
13
Let q(b) = 3*b + 24. Let t be q(-4). Suppose -40 = -2*a + 176. Calculate the greatest common divisor of a and t.
12
Let b(s) = 8*s - 32. Let u be b(-15). Let y = -146 - u. What is the highest common divisor of y and 78?
6
Let n be ((-2)/4 - 0)/((-4)/64). Calculate the greatest common factor of n and 144.
8
Let l be (1 - -2)*(-244)/12. Let p be (3 + -4)*l + -1. What is the greatest common factor of 90 and p?
30
Let z = -281 - -339. Calculate the highest common factor of z and 319.
29
Suppose 7*i + 3*y = 4*i + 33, i - y = 15. Calculate the highest common factor of i and 13.
13
Suppose 10*x = 9*x + 3*v + 27, x = -3*v - 3. Let u = -2 + 10. What is the highest common divisor of x and u?
4
Suppose -4*c + 17 = -3. Suppose 3*l = c*l - 36. Let i(m) = 16*m**3 - m**2 + 2*m - 2. Let r be i(2). What is the greatest common factor of r and l?
18
Let z(b) = -b**3 - 12*b**2 - 39*b - 8. Let x be z(-6). What is the highest common divisor of 145 and x?
5
Suppose 22 = 2*j - 4*b, 4*b + 1 = -3*j - 16. Let v be 0 - (j + 9*-9). What is the greatest common divisor of v and 10?
10
Suppose -521 = -5*r + 139. What is the highest common divisor of 297 and r?
33
Let d(q) = q**2 - 23*q - 406. Let s be d(35). Calculate the greatest common factor of s and 6.
2
Suppose -31 = -2*v + 3*v + 2*y, 0 = 4*v - y + 142. Let b = 100 + v. Let i = -37 - -63. Calculate the greatest common factor of b and i.
13
Let p = -420 + 567. What is the highest common divisor of 105 and p?
21
Let j be 12 - 3 - (7 + -3 - 1). Suppose 2*n + j = 36. Calculate the greatest common divisor of 90 and n.
15
Let h = -395 + 410. Calculate the greatest common divisor of 3 and h.
3
Suppose 5*d - 224 = -2*x, 5*d - 18*x = -19*x + 227. Calculate the greatest common divisor of 3358 and d.
46
Let w = 103 - 85. What is the highest common divisor of 288 and w?
18
Let a = 80 - 70. What is the greatest common factor of a and 8?
2
Let t be -3*(-8)/(-12) - -19. Let y = t + -13. Suppose -x = -a - a - 8, 0 = -y*x - 4*a + 20. Calculate the highest common factor of x and 66.
6
Let m = 1 + 26. Let v be 1830/m + 4/18. Let g = v - 41. What is the highest common divisor of g and 9?
9
Let j(p) = 7*p**2 + 4*p - 235. Let r be j(-13). What is the greatest common factor of r and 42?
14
Let a be (-4 + 2)*-2*29*2. Let x = a - 134. Calculate the highest common factor of 14 and x.
14
Let i(b) = -97*b - 52. Let m be i(-4). Calculate the highest common factor of m and 147.
21
Let s be (-5)/(-20) + (-287)/(-4). Suppose 3*l - l - 360 = 0. Calculate the highest common factor of s and l.
36
Suppose -180 = f - 5*f. Let b = 37 - 24. Let k = 18 - b. What is the highes